{"id":28,"date":"2013-08-07T18:40:48","date_gmt":"2013-08-07T18:40:48","guid":{"rendered":"http:\/\/northiberianctc.com\/blog\/ca\/?page_id=28"},"modified":"2013-10-01T16:44:31","modified_gmt":"2013-10-01T16:44:31","slug":"pirineus-aragonesos","status":"publish","type":"page","link":"https:\/\/northiberianctc.com\/blog\/ca\/?page_id=28","title":{"rendered":"Pirineus d&#8217;Arag\u00f3"},"content":{"rendered":"<p>El pirineu d&#8217;Osca, <em>Uesca<\/em> en aragon\u00e8s o <em>Huesca<\/em> en castell\u00e0, \u00e9s el que recorrem en la nostra ruta de costa a costa de la Pen\u00ednsula. Nom\u00e9s aquesta prov\u00edncia, de les tres que conformen l&#8217;Arag\u00f3, t\u00e9 territoris prou al nord com per incloure espais als Pirineus.<\/p>\n<p><a title=\"Track GPS amb el recorregut complet pels Pirineus\" href=\"http:\/\/goo.gl\/UKpBIu\">Track GPS amb el recorregut complet pels Pirineus<\/a><\/p>\n<div style=\"margin: 0 auto 0 auto; width: 400px;\"><iframe loading=\"lazy\" src=\"https:\/\/ssl.panoramio.com\/wapi\/template\/photo.html?user=7124452&amp;tag=Aragon&amp;bgcolor=%23FFFFFF\" height=\"400\" width=\"500\" frameborder=\"0\" marginwidth=\"0\" marginheight=\"0\" scrolling=\"no\"><\/iframe><\/div>\n<p><strong>Etapes, poblacions i allotjaments<\/strong><\/p>\n<p>Malgrat el nombre de c\u00e0mpings a l&#8217;Arag\u00f3 no \u00e9s tan elevat com el que podem trobar als Pirineus Catalans per les mateixes dist\u00e0ncies recorregudes, durant tota la meva travessia vaig poder descansar en zones d&#8217;acampada autoritzades.<\/p>\n<p>Els desnivells a l&#8217;Arag\u00f3 s\u00f3n m\u00e9s durs que a Catalunya, perqu\u00e8 comencen els ascensos curts i amb fort pendent, la qual cosa ens prepara per a Navarra, on gaireb\u00e9 tots s\u00f3n aix\u00ed. El que succeeix, diferent del que ens podem trobar a Catalunya o Navarra, \u00e9s que en general hi ha menys poblacions i per l\u00f2gica les dist\u00e0ncies entre elles s\u00f3n m\u00e9s grans per a una mateixa etapa, de manera que no ens podem despistar gaire quan fem les etapes perqu\u00e8 \u00e9s f\u00e0cil que se&#8217;ns pugui fer de nit a la muntanya.<\/p>\n<p>Quant a les divisions administratives, la nostra ruta passar\u00e0 per sis comarques de la distribuci\u00f3 territorial tradicional aragonesa: la Ribagor\u00e7a, que connecta amb l&#8217;Alta Ribagor\u00e7a de Catalunya, el Sobrarbe, on hi ha Ordesa i el Monte Perdido, l&#8217;Alt G\u00e1llego i la Jacetania, colindant amb la navarresa Vall de Roncal.<\/p>\n<p><strong>Condicions clim\u00e0tiques<\/strong><\/p>\n<p>Pel que fa al nostre viatge, el clima del Pirineu Aragon\u00e8s a l&#8217;estiu \u00e9s en general temperat i bastant previsible, dintre del que permet relativament ser previst en una zona d&#8217;extrems. Si no patim pluges constants en aquesta regi\u00f3, en general no ens trobarem amb gaire fang a les pistes forestals, ja que tot el terreny est\u00e0 bastant sec.<\/p>\n<p>Quant al vent, hem de tenir en compte que sempre ser\u00e0 predominantment de Nord-oest o de Nord o d&#8217;Oest, de manera que vindr\u00e0 de Fran\u00e7a o de l&#8217;Atl\u00e0ntic i generalment sempre ens dificultar\u00e0 la marxa normal cap al final dels Pirineus.<\/p>\n<p><strong>Estat de les pistes forestals<\/strong><\/p>\n<p>Per la meva experi\u00e8ncia, les pistes forestals de l&#8217;Arag\u00f3 no estan tan curosament mantingudes com les de Catalunya o Navarra. De totes les pistes que vaig rec\u00f3rrer per tots els Pirineus, eren les que tenien m\u00e9s esllavissades de roca i m\u00e9s neu encara sense desgla\u00e7ar.<\/p>\n<p>Segurament t\u00e9 a veure amb el fet que jo hi vaig passar en un moment en qu\u00e8 hi havia m\u00e9s pluges, at\u00edpiques, que les que acostumen a patir a principis de juny, que hi havia inundacions com no s&#8217;havien vist en 40 anys i que el darrer hivern havia nevat molt m\u00e9s del que era habitual, de manera que no devia tenir sentit arreglar les zones de pas abans del definitiu desgla\u00e7.<\/p>\n<p><strong><strong><strong><strong><strong><strong>Llista d\u2019etapes de la ruta ib\u00e8rica <\/strong><\/strong><\/strong><\/strong>pels<\/strong>\u00a0Pirineus d&#8217;Arag\u00f3<\/strong><\/p>\n<ul>\n<li><a title=\"etapa 13\" href=\"https:\/\/northiberianctc.com\/blog\/ca\/?p=273\">Etapa 13: Pont de Suert \u2013 Castej\u00f3n de Sos<\/a><\/li>\n<li><a title=\"etapa 14\" href=\"https:\/\/northiberianctc.com\/blog\/ca\/?p=280\">Etapa 14: Castej\u00f3n de Sos \u2013 Puyarruego<\/a><\/li>\n<li><a title=\"excursi\u00f3 a Ainsa\" href=\"https:\/\/northiberianctc.com\/blog\/ca\/?p=286\">Excursi\u00f3: Puyarruego \u2013 Ainsa \u2013 Puyarruego<\/a><\/li>\n<li><a title=\"etapa 15\" href=\" https:\/\/northiberianctc.com\/blog\/ca\/?p=291\">Etapa 15: Puyarruego \u2013 Torla<\/a><\/li>\n<li><a title=\"etapa 16\" href=\" https:\/\/northiberianctc.com\/blog\/ca\/?p=295\">Etapa 16: Torla \u2013 Seneg\u00fc\u00e9<\/a><\/li>\n<li><a title=\"etapa 17\" href=\" https:\/\/northiberianctc.com\/blog\/ca\/?p=303\">Etapa 17: Seneg\u00fc\u00e9 \u2013 Castiello de Jaca<\/a><\/li>\n<li><a title=\"etapa 18\" href=\" https:\/\/northiberianctc.com\/blog\/ca\/?p=309\">Etapa 18: Castiello de Jaca \u2013 Hecho<\/a><\/li>\n<\/ul>\n","protected":false},"excerpt":{"rendered":"<p>El pirineu d&#8217;Osca, Uesca en aragon\u00e8s o Huesca en castell\u00e0, \u00e9s el que recorrem en la nostra ruta de costa a costa de la Pen\u00ednsula. Nom\u00e9s aquesta prov\u00edncia, de les tres que conformen l&#8217;Arag\u00f3, t\u00e9 territoris prou al nord com per incloure espais als Pirineus. Track GPS amb el recorregut complet pels Pirineus Etapes, poblacions [&hellip;]<\/p>\n","protected":false},"author":1,"featured_media":0,"parent":0,"menu_order":0,"comment_status":"open","ping_status":"open","template":"page-templates\/full-width.php","meta":{"footnotes":""},"yoast_head":"<!-- This site is optimized with the Yoast SEO plugin v24.5 - https:\/\/yoast.com\/wordpress\/plugins\/seo\/ -->\n<title>Pirineus d&#039;Arag\u00f3 - Nord Ib\u00e8ric de costa a costa<\/title>\n<meta name=\"robots\" content=\"index, follow, max-snippet:-1, max-image-preview:large, max-video-preview:-1\" \/>\n<link rel=\"canonical\" href=\"https:\/\/northiberianctc.com\/blog\/ca\/?page_id=28\" \/>\n<meta property=\"og:locale\" content=\"ca_ES\" \/>\n<meta property=\"og:type\" content=\"article\" \/>\n<meta property=\"og:title\" content=\"Pirineus d&#039;Arag\u00f3 - Nord Ib\u00e8ric de costa a costa\" \/>\n<meta property=\"og:description\" content=\"El pirineu d&#8217;Osca, Uesca en aragon\u00e8s o Huesca en castell\u00e0, \u00e9s el que recorrem en la nostra ruta de costa a costa de la Pen\u00ednsula. Nom\u00e9s aquesta prov\u00edncia, de les tres que conformen l&#8217;Arag\u00f3, t\u00e9 territoris prou al nord com per incloure espais als Pirineus. Track GPS amb el recorregut complet pels Pirineus Etapes, poblacions [&hellip;]\" \/>\n<meta property=\"og:url\" content=\"https:\/\/northiberianctc.com\/blog\/ca\/?page_id=28\" \/>\n<meta property=\"og:site_name\" content=\"Nord Ib\u00e8ric de costa a costa\" \/>\n<meta property=\"article:modified_time\" content=\"2013-10-01T16:44:31+00:00\" \/>\n<meta name=\"twitter:label1\" content=\"Temps estimat de lectura\" \/>\n\t<meta name=\"twitter:data1\" content=\"3 minuts\" \/>\n<script type=\"application\/ld+json\" class=\"yoast-schema-graph\">{\"@context\":\"https:\/\/schema.org\",\"@graph\":[{\"@type\":\"WebPage\",\"@id\":\"https:\/\/northiberianctc.com\/blog\/ca\/?page_id=28\",\"url\":\"https:\/\/northiberianctc.com\/blog\/ca\/?page_id=28\",\"name\":\"Pirineus d'Arag\u00f3 - Nord Ib\u00e8ric de costa a costa\",\"isPartOf\":{\"@id\":\"https:\/\/northiberianctc.com\/blog\/ca\/#website\"},\"datePublished\":\"2013-08-07T18:40:48+00:00\",\"dateModified\":\"2013-10-01T16:44:31+00:00\",\"breadcrumb\":{\"@id\":\"https:\/\/northiberianctc.com\/blog\/ca\/?page_id=28#breadcrumb\"},\"inLanguage\":\"ca\",\"potentialAction\":[{\"@type\":\"ReadAction\",\"target\":[\"https:\/\/northiberianctc.com\/blog\/ca\/?page_id=28\"]}]},{\"@type\":\"BreadcrumbList\",\"@id\":\"https:\/\/northiberianctc.com\/blog\/ca\/?page_id=28#breadcrumb\",\"itemListElement\":[{\"@type\":\"ListItem\",\"position\":1,\"name\":\"Home\",\"item\":\"https:\/\/northiberianctc.com\/blog\/ca\/\"},{\"@type\":\"ListItem\",\"position\":2,\"name\":\"Pirineus d&#8217;Arag\u00f3\"}]},{\"@type\":\"WebSite\",\"@id\":\"https:\/\/northiberianctc.com\/blog\/ca\/#website\",\"url\":\"https:\/\/northiberianctc.com\/blog\/ca\/\",\"name\":\"Nord Ib\u00e8ric de costa a costa\",\"description\":\"Nord de la Pen\u00ednsula Ib\u00e8rica, 2.400 km d&#039;experi\u00e8ncia en bicicleta de muntanya\",\"potentialAction\":[{\"@type\":\"SearchAction\",\"target\":{\"@type\":\"EntryPoint\",\"urlTemplate\":\"https:\/\/northiberianctc.com\/blog\/ca\/?s={search_term_string}\"},\"query-input\":{\"@type\":\"PropertyValueSpecification\",\"valueRequired\":true,\"valueName\":\"search_term_string\"}}],\"inLanguage\":\"ca\"}]}<\/script>\n<!-- \/ Yoast SEO plugin. -->","yoast_head_json":{"title":"Pirineus d'Arag\u00f3 - Nord Ib\u00e8ric de costa a costa","robots":{"index":"index","follow":"follow","max-snippet":"max-snippet:-1","max-image-preview":"max-image-preview:large","max-video-preview":"max-video-preview:-1"},"canonical":"https:\/\/northiberianctc.com\/blog\/ca\/?page_id=28","og_locale":"ca_ES","og_type":"article","og_title":"Pirineus d'Arag\u00f3 - Nord Ib\u00e8ric de costa a costa","og_description":"El pirineu d&#8217;Osca, Uesca en aragon\u00e8s o Huesca en castell\u00e0, \u00e9s el que recorrem en la nostra ruta de costa a costa de la Pen\u00ednsula. Nom\u00e9s aquesta prov\u00edncia, de les tres que conformen l&#8217;Arag\u00f3, t\u00e9 territoris prou al nord com per incloure espais als Pirineus. Track GPS amb el recorregut complet pels Pirineus Etapes, poblacions [&hellip;]","og_url":"https:\/\/northiberianctc.com\/blog\/ca\/?page_id=28","og_site_name":"Nord Ib\u00e8ric de costa a costa","article_modified_time":"2013-10-01T16:44:31+00:00","twitter_misc":{"Temps estimat de lectura":"3 minuts"},"schema":{"@context":"https:\/\/schema.org","@graph":[{"@type":"WebPage","@id":"https:\/\/northiberianctc.com\/blog\/ca\/?page_id=28","url":"https:\/\/northiberianctc.com\/blog\/ca\/?page_id=28","name":"Pirineus d'Arag\u00f3 - Nord Ib\u00e8ric de costa a costa","isPartOf":{"@id":"https:\/\/northiberianctc.com\/blog\/ca\/#website"},"datePublished":"2013-08-07T18:40:48+00:00","dateModified":"2013-10-01T16:44:31+00:00","breadcrumb":{"@id":"https:\/\/northiberianctc.com\/blog\/ca\/?page_id=28#breadcrumb"},"inLanguage":"ca","potentialAction":[{"@type":"ReadAction","target":["https:\/\/northiberianctc.com\/blog\/ca\/?page_id=28"]}]},{"@type":"BreadcrumbList","@id":"https:\/\/northiberianctc.com\/blog\/ca\/?page_id=28#breadcrumb","itemListElement":[{"@type":"ListItem","position":1,"name":"Home","item":"https:\/\/northiberianctc.com\/blog\/ca\/"},{"@type":"ListItem","position":2,"name":"Pirineus d&#8217;Arag\u00f3"}]},{"@type":"WebSite","@id":"https:\/\/northiberianctc.com\/blog\/ca\/#website","url":"https:\/\/northiberianctc.com\/blog\/ca\/","name":"Nord Ib\u00e8ric de costa a costa","description":"Nord de la Pen\u00ednsula Ib\u00e8rica, 2.400 km d&#039;experi\u00e8ncia en bicicleta de muntanya","potentialAction":[{"@type":"SearchAction","target":{"@type":"EntryPoint","urlTemplate":"https:\/\/northiberianctc.com\/blog\/ca\/?s={search_term_string}"},"query-input":{"@type":"PropertyValueSpecification","valueRequired":true,"valueName":"search_term_string"}}],"inLanguage":"ca"}]}},"_links":{"self":[{"href":"https:\/\/northiberianctc.com\/blog\/ca\/index.php?rest_route=\/wp\/v2\/pages\/28"}],"collection":[{"href":"https:\/\/northiberianctc.com\/blog\/ca\/index.php?rest_route=\/wp\/v2\/pages"}],"about":[{"href":"https:\/\/northiberianctc.com\/blog\/ca\/index.php?rest_route=\/wp\/v2\/types\/page"}],"author":[{"embeddable":true,"href":"https:\/\/northiberianctc.com\/blog\/ca\/index.php?rest_route=\/wp\/v2\/users\/1"}],"replies":[{"embeddable":true,"href":"https:\/\/northiberianctc.com\/blog\/ca\/index.php?rest_route=%2Fwp%2Fv2%2Fcomments&post=28"}],"version-history":[{"count":12,"href":"https:\/\/northiberianctc.com\/blog\/ca\/index.php?rest_route=\/wp\/v2\/pages\/28\/revisions"}],"predecessor-version":[{"id":73,"href":"https:\/\/northiberianctc.com\/blog\/ca\/index.php?rest_route=\/wp\/v2\/pages\/28\/revisions\/73"}],"wp:attachment":[{"href":"https:\/\/northiberianctc.com\/blog\/ca\/index.php?rest_route=%2Fwp%2Fv2%2Fmedia&parent=28"}],"curies":[{"name":"wp","href":"https:\/\/api.w.org\/{rel}","templated":true}]}}

Pirineus d&#8217;Aragó

<p>El pirineu d&#8217;Osca, <em>Uesca</em> en aragonès o <em>Huesca</em> en castellà, és el que recorrem en la nostra ruta de costa a costa de la Península. Només aquesta província, de les tres que conformen l&#8217;Aragó, té territoris prou al nord com per incloure espais als Pirineus.</p>
<p><a title="Track GPS amb el recorregut complet pels Pirineus" href="http://goo.gl/UKpBIu">Track GPS amb el recorregut complet pels Pirineus</a></p>
<div style="margin: 0 auto 0 auto; width: 400px;"><iframe loading="lazy" src="https://ssl.panoramio.com/wapi/template/photo.html?user=7124452&amp;tag=Aragon&amp;bgcolor=%23FFFFFF" height="400" width="500" frameborder="0" marginwidth="0" marginheight="0" scrolling="no"></iframe></div>
<p><strong>Etapes, poblacions i allotjaments</strong></p>
<p>Malgrat el nombre de càmpings a l&#8217;Aragó no és tan elevat com el que podem trobar als Pirineus Catalans per les mateixes distàncies recorregudes, durant tota la meva travessia vaig poder descansar en zones d&#8217;acampada autoritzades.</p>
<p>Els desnivells a l&#8217;Aragó són més durs que a Catalunya, perquè comencen els ascensos curts i amb fort pendent, la qual cosa ens prepara per a Navarra, on gairebé tots són així. El que succeeix, diferent del que ens podem trobar a Catalunya o Navarra, és que en general hi ha menys poblacions i per lògica les distàncies entre elles són més grans per a una mateixa etapa, de manera que no ens podem despistar gaire quan fem les etapes perquè és fàcil que se&#8217;ns pugui fer de nit a la muntanya.</p>
<p>Quant a les divisions administratives, la nostra ruta passarà per sis comarques de la distribució territorial tradicional aragonesa: la Ribagorça, que connecta amb l&#8217;Alta Ribagorça de Catalunya, el Sobrarbe, on hi ha Ordesa i el Monte Perdido, l&#8217;Alt Gállego i la Jacetania, colindant amb la navarresa Vall de Roncal.</p>
<p><strong>Condicions climàtiques</strong></p>
<p>Pel que fa al nostre viatge, el clima del Pirineu Aragonès a l&#8217;estiu és en general temperat i bastant previsible, dintre del que permet relativament ser previst en una zona d&#8217;extrems. Si no patim pluges constants en aquesta regió, en general no ens trobarem amb gaire fang a les pistes forestals, ja que tot el terreny està bastant sec.</p>
<p>Quant al vent, hem de tenir en compte que sempre serà predominantment de Nord-oest o de Nord o d&#8217;Oest, de manera que vindrà de França o de l&#8217;Atlàntic i generalment sempre ens dificultarà la marxa normal cap al final dels Pirineus.</p>
<p><strong>Estat de les pistes forestals</strong></p>
<p>Per la meva experiència, les pistes forestals de l&#8217;Aragó no estan tan curosament mantingudes com les de Catalunya o Navarra. De totes les pistes que vaig recórrer per tots els Pirineus, eren les que tenien més esllavissades de roca i més neu encara sense desglaçar.</p>
<p>Segurament té a veure amb el fet que jo hi vaig passar en un moment en què hi havia més pluges, atípiques, que les que acostumen a patir a principis de juny, que hi havia inundacions com no s&#8217;havien vist en 40 anys i que el darrer hivern havia nevat molt més del que era habitual, de manera que no devia tenir sentit arreglar les zones de pas abans del definitiu desglaç.</p>
<p><strong><strong><strong><strong><strong><strong>Llista d’etapes de la ruta ibèrica </strong></strong></strong></strong>pels</strong> Pirineus d&#8217;Aragó</strong></p>
<ul>
<li><a title="etapa 13" href="https://northiberianctc.com/blog/ca/?p=273">Etapa 13: Pont de Suert – Castejón de Sos</a></li>
<li><a title="etapa 14" href="https://northiberianctc.com/blog/ca/?p=280">Etapa 14: Castejón de Sos – Puyarruego</a></li>
<li><a title="excursió a Ainsa" href="https://northiberianctc.com/blog/ca/?p=286">Excursió: Puyarruego – Ainsa – Puyarruego</a></li>
<li><a title="etapa 15" href=" https://northiberianctc.com/blog/ca/?p=291">Etapa 15: Puyarruego – Torla</a></li>
<li><a title="etapa 16" href=" https://northiberianctc.com/blog/ca/?p=295">Etapa 16: Torla – Senegüé</a></li>
<li><a title="etapa 17" href=" https://northiberianctc.com/blog/ca/?p=303">Etapa 17: Senegüé – Castiello de Jaca</a></li>
<li><a title="etapa 18" href=" https://northiberianctc.com/blog/ca/?p=309">Etapa 18: Castiello de Jaca – Hecho</a></li>
</ul>

<p>El pirineu d&#8217;Osca, Uesca en aragonès o Huesca en castellà, és el que recorrem en la nostra ruta de costa a costa de la Península. Només aquesta província, de les tres que conformen l&#8217;Aragó, té territoris prou al nord com per incloure espais als Pirineus. Track GPS amb el recorregut complet pels Pirineus Etapes, poblacions [&hellip;]</p>

<!-- This site is optimized with the Yoast SEO plugin v24.5 - https://yoast.com/wordpress/plugins/seo/ -->
<title>Pirineus d&#039;Aragó - Nord Ibèric de costa a costa</title>
<meta name="robots" content="index, follow, max-snippet:-1, max-image-preview:large, max-video-preview:-1" />
<link rel="canonical" href="https://northiberianctc.com/blog/ca/?page_id=28" />
<meta property="og:locale" content="ca_ES" />
<meta property="og:type" content="article" />
<meta property="og:title" content="Pirineus d&#039;Aragó - Nord Ibèric de costa a costa" />
<meta property="og:description" content="El pirineu d&#8217;Osca, Uesca en aragonès o Huesca en castellà, és el que recorrem en la nostra ruta de costa a costa de la Península. Només aquesta província, de les tres que conformen l&#8217;Aragó, té territoris prou al nord com per incloure espais als Pirineus. Track GPS amb el recorregut complet pels Pirineus Etapes, poblacions [&hellip;]" />
<meta property="og:url" content="https://northiberianctc.com/blog/ca/?page_id=28" />
<meta property="og:site_name" content="Nord Ibèric de costa a costa" />
<meta property="article:modified_time" content="2013-10-01T16:44:31+00:00" />
<meta name="twitter:label1" content="Temps estimat de lectura" />
	<meta name="twitter:data1" content="3 minuts" />
<script type="application/ld+json" class="yoast-schema-graph">{"@context":"https://schema.org","@graph":[{"@type":"WebPage","@id":"https://northiberianctc.com/blog/ca/?page_id=28","url":"https://northiberianctc.com/blog/ca/?page_id=28","name":"Pirineus d'Aragó - Nord Ibèric de costa a costa","isPartOf":{"@id":"https://northiberianctc.com/blog/ca/#website"},"datePublished":"2013-08-07T18:40:48+00:00","dateModified":"2013-10-01T16:44:31+00:00","breadcrumb":{"@id":"https://northiberianctc.com/blog/ca/?page_id=28#breadcrumb"},"inLanguage":"ca","potentialAction":[{"@type":"ReadAction","target":["https://northiberianctc.com/blog/ca/?page_id=28"]}]},{"@type":"BreadcrumbList","@id":"https://northiberianctc.com/blog/ca/?page_id=28#breadcrumb","itemListElement":[{"@type":"ListItem","position":1,"name":"Home","item":"https://northiberianctc.com/blog/ca/"},{"@type":"ListItem","position":2,"name":"Pirineus d&#8217;Aragó"}]},{"@type":"WebSite","@id":"https://northiberianctc.com/blog/ca/#website","url":"https://northiberianctc.com/blog/ca/","name":"Nord Ibèric de costa a costa","description":"Nord de la Península Ibèrica, 2.400 km d&#039;experiència en bicicleta de muntanya","potentialAction":[{"@type":"SearchAction","target":{"@type":"EntryPoint","urlTemplate":"https://northiberianctc.com/blog/ca/?s={search_term_string}"},"query-input":{"@type":"PropertyValueSpecification","valueRequired":true,"valueName":"search_term_string"}}],"inLanguage":"ca"}]}</script>
<!-- / Yoast SEO plugin. -->

Pirineus d'Aragó - Nord Ibèric de costa a costa

El pirineu d&#8217;Osca, Uesca en aragonès o Huesca en castellà, és el que recorrem en la nostra ruta de costa a costa de la Península. Només aquesta província, de les tres que conformen l&#8217;Aragó, té territoris prou al nord com per incloure espais als Pirineus. Track GPS amb el recorregut complet pels Pirineus Etapes, poblacions [&hellip;]

Nord Ibèric de costa a costa

Nord de la Península Ibèrica, 2.400 km d&#039;experiència en bicicleta de muntanya
