{"id":21,"date":"2013-08-19T18:37:56","date_gmt":"2013-08-19T18:37:56","guid":{"rendered":"http:\/\/northiberianctc.com\/blog\/es\/?page_id=21"},"modified":"2013-09-30T13:47:01","modified_gmt":"2013-09-30T13:47:01","slug":"pirineo-de-navarra","status":"publish","type":"page","link":"https:\/\/northiberianctc.com\/blog\/es\/?page_id=21","title":{"rendered":"Pirineo navarro"},"content":{"rendered":"<p>El tercer gran bloque territorial por el que pasa la primera parte de nuestra ruta ib\u00e9rica de costa a costa son los Pirineos de Navarra, regi\u00f3n de la que atravesaremos dos comarcas de administraci\u00f3n espa\u00f1ola y una de administraci\u00f3n francesa. Incluyo el trocito de Pirineo de la Comunidad Aut\u00f3noma del Pa\u00eds Vasco (CAV o Euskadi) en este bloque, ya que no se pueden diferenciar uno de otro en ning\u00fan aspecto orogr\u00e1fico, cultural o clim\u00e1tico, y la parte administrativa basca de la traves\u00eda transpirenaica es tan peque\u00f1a que no permite una descripci\u00f3n aparte.<\/p>\n<p>Los de Navarra son Pirineos bastante h\u00famedos, y por lo que se refiere a los ciclistas de monta\u00f1a con cuellos cortos y fuertes pendientes, llenos de senderos poco ciclables en la parte m\u00e1s oriental, que se suavizan cuando nos vamos acercando a Hondarribia.<\/p>\n<p>Navarra y Euskadi son lugares con construcciones arquitect\u00f3nicas muy caracter\u00edsticas, con casitas de piedra y tejados de pizarra que se reconocen f\u00e1cilmente cuando se entra en Navarra.<\/p>\n<p><a title=\"Track GPS con el recorrido completo por los Pirineos\" href=\"http:\/\/goo.gl\/UKpBIu\">Track GPS con el recorrido completo por los Pirineos<\/a><\/p>\n<div style=\"margin: 0 auto 0 auto; width: 400px;\"><iframe loading=\"lazy\" src=\"https:\/\/ssl.panoramio.com\/wapi\/template\/photo.html?user=7124452&amp;tag=Navarra&amp;bgcolor=%23FFFFFF\" height=\"400\" width=\"500\" frameborder=\"0\" marginwidth=\"0\" marginheight=\"0\" scrolling=\"no\"><\/iframe><\/div>\n<p><strong>Etapas, clima y vegetaci\u00f3n<\/strong><\/p>\n<p>Roncal,\u00a0 <em>Erronkariko ibaxa<\/em> en euskera roncal\u00e9s, es el primer valle que encontramos cuando llegamos desde Arag\u00f3n, y el contraste es grande puesto que Roncal es un lugar muy pintoresco, de ambiento poco h\u00famedo parecido a Arag\u00f3n y con paisajes t\u00edpicos de alta monta\u00f1a configurados por el r\u00edo Esca y con clima subalpino. Encontramos concentraciones de hayedas, robles y casta\u00f1os. En nuestra ruta, Izaba es la poblaci\u00f3n mayor que nos encontramos cuando atravesamos la comarca, y hay muchos alojamientos diferentes pero ning\u00fan camping.<\/p>\n<p>Salazar,\u00a0 <em>Zaraitzu ibarra<\/em> en euskera, es el siguiente valle y tiene tambi\u00e9n un entorno espectacular, aunque no muy h\u00famedo si lo comparamos con la comarca siguiente. Tenemos que destacar muy especialmente la Selva de Irati, el mayor bosque de Navarra y territorio protegido de hayedo-abetal, que atravesamos de arriba abajo con nuestro recorrido. En la etapa propuesta para el d\u00eda en que se pasa por Irati, se termina pernoctando en Orreaga, <em>Roncesvalles<\/em> en castellano, inicio del Camino Franc\u00e9s de Santiago.<\/p>\n<p>Un poco antes de llegar a Roncesvalles\/Orreaga la traves\u00eda se vuelve muy h\u00fameda y ese ambiente sigue presente cuando se pasa por el valle Cinco Villas,\u00a0 <em>Bortziriak<\/em> en euskera, y continuar\u00e1 cuando bajemos hacia el Pa\u00eds Vasco, ya con una orograf\u00eda m\u00e1s suave.<\/p>\n<p>Nuestra traves\u00eda transpirenaica est\u00e1 inscrita en una ruta m\u00e1s amplia que llega a Donostia, una de las m\u00e1s emblem\u00e1ticas poblaciones vascas, lugar en el que finaliza la Transpyr, una carrera anual comercial de BTT que recorre los Pirineos con criterios competitivos, muy alejados de los de nuestra ruta ciclotur\u00edstica por la Pen\u00ednsula Ib\u00e9rica de costa a costa.<\/p>\n<p><strong>Lista de etapas de la ruta de costa a costa por los Pirineos Navarros<\/strong><\/p>\n<ul>\n<li><a title=\"Etapa 19\" href=\"https:\/\/northiberianctc.com\/blog\/es\/?p=189\">Etapa 19: Hecho\u00a0\u2013 Izaba<\/a><\/li>\n<li><a title=\"etapa 20\" href=\"https:\/\/northiberianctc.com\/blog\/es\/?p=191\">Etapa 20: Izaba \u2013 Orreaga\/Roncesvalles<\/a><\/li>\n<li><a title=\"etapa 21\" href=\"https:\/\/northiberianctc.com\/blog\/es\/?p=193\">Etapa 21: Orreaga\/Roncesvalles \u2013 Etxalar<\/a><\/li>\n<li><a title=\"etapa 22\" href=\"https:\/\/northiberianctc.com\/blog\/es\/?p=195\">Etapa 22: Etxalar \u2013 Bera \u2013 Hondarribia \u2013 Irun<\/a><\/li>\n<\/ul>\n","protected":false},"excerpt":{"rendered":"<p>El tercer gran bloque territorial por el que pasa la primera parte de nuestra ruta ib\u00e9rica de costa a costa son los Pirineos de Navarra, regi\u00f3n de la que atravesaremos dos comarcas de administraci\u00f3n espa\u00f1ola y una de administraci\u00f3n francesa. Incluyo el trocito de Pirineo de la Comunidad Aut\u00f3noma del Pa\u00eds Vasco (CAV o Euskadi) [&hellip;]<\/p>\n","protected":false},"author":1,"featured_media":0,"parent":0,"menu_order":0,"comment_status":"open","ping_status":"open","template":"page-templates\/full-width.php","meta":{"footnotes":""},"class_list":["post-21","page","type-page","status-publish","hentry"],"yoast_head":"<!-- This site is optimized with the Yoast SEO plugin v27.5 - https:\/\/yoast.com\/product\/yoast-seo-wordpress\/ -->\n<title>Pirineo navarro - Norte Ib\u00e9rico de costa a costa<\/title>\n<meta name=\"robots\" content=\"index, follow, max-snippet:-1, max-image-preview:large, max-video-preview:-1\" \/>\n<link rel=\"canonical\" href=\"https:\/\/northiberianctc.com\/blog\/es\/?page_id=21\" \/>\n<meta property=\"og:locale\" content=\"es_ES\" \/>\n<meta property=\"og:type\" content=\"article\" \/>\n<meta property=\"og:title\" content=\"Pirineo navarro - Norte Ib\u00e9rico de costa a costa\" \/>\n<meta property=\"og:description\" content=\"El tercer gran bloque territorial por el que pasa la primera parte de nuestra ruta ib\u00e9rica de costa a costa son los Pirineos de Navarra, regi\u00f3n de la que atravesaremos dos comarcas de administraci\u00f3n espa\u00f1ola y una de administraci\u00f3n francesa. Incluyo el trocito de Pirineo de la Comunidad Aut\u00f3noma del Pa\u00eds Vasco (CAV o Euskadi) [&hellip;]\" \/>\n<meta property=\"og:url\" content=\"https:\/\/northiberianctc.com\/blog\/es\/?page_id=21\" \/>\n<meta property=\"og:site_name\" content=\"Norte Ib\u00e9rico de costa a costa\" \/>\n<meta property=\"article:modified_time\" content=\"2013-09-30T13:47:01+00:00\" \/>\n<meta name=\"twitter:label1\" content=\"Tiempo de lectura\" \/>\n\t<meta name=\"twitter:data1\" content=\"3 minutos\" \/>\n<script type=\"application\/ld+json\" class=\"yoast-schema-graph\">{\"@context\":\"https:\\\/\\\/schema.org\",\"@graph\":[{\"@type\":\"WebPage\",\"@id\":\"https:\\\/\\\/northiberianctc.com\\\/blog\\\/es\\\/?page_id=21\",\"url\":\"https:\\\/\\\/northiberianctc.com\\\/blog\\\/es\\\/?page_id=21\",\"name\":\"Pirineo navarro - Norte Ib\u00e9rico de costa a costa\",\"isPartOf\":{\"@id\":\"https:\\\/\\\/northiberianctc.com\\\/blog\\\/es\\\/#website\"},\"datePublished\":\"2013-08-19T18:37:56+00:00\",\"dateModified\":\"2013-09-30T13:47:01+00:00\",\"breadcrumb\":{\"@id\":\"https:\\\/\\\/northiberianctc.com\\\/blog\\\/es\\\/?page_id=21#breadcrumb\"},\"inLanguage\":\"es\",\"potentialAction\":[{\"@type\":\"ReadAction\",\"target\":[\"https:\\\/\\\/northiberianctc.com\\\/blog\\\/es\\\/?page_id=21\"]}]},{\"@type\":\"BreadcrumbList\",\"@id\":\"https:\\\/\\\/northiberianctc.com\\\/blog\\\/es\\\/?page_id=21#breadcrumb\",\"itemListElement\":[{\"@type\":\"ListItem\",\"position\":1,\"name\":\"Home\",\"item\":\"https:\\\/\\\/northiberianctc.com\\\/blog\\\/es\\\/\"},{\"@type\":\"ListItem\",\"position\":2,\"name\":\"Pirineo navarro\"}]},{\"@type\":\"WebSite\",\"@id\":\"https:\\\/\\\/northiberianctc.com\\\/blog\\\/es\\\/#website\",\"url\":\"https:\\\/\\\/northiberianctc.com\\\/blog\\\/es\\\/\",\"name\":\"Norte Ib\u00e9rico de costa a costa\",\"description\":\"Norte de la Pen\u00ednsula Ib\u00e9rica, 2.400 km de experiencia en bicicleta de monta\u00f1a\",\"potentialAction\":[{\"@type\":\"SearchAction\",\"target\":{\"@type\":\"EntryPoint\",\"urlTemplate\":\"https:\\\/\\\/northiberianctc.com\\\/blog\\\/es\\\/?s={search_term_string}\"},\"query-input\":{\"@type\":\"PropertyValueSpecification\",\"valueRequired\":true,\"valueName\":\"search_term_string\"}}],\"inLanguage\":\"es\"}]}<\/script>\n<!-- \/ Yoast SEO plugin. -->","yoast_head_json":{"title":"Pirineo navarro - Norte Ib\u00e9rico de costa a costa","robots":{"index":"index","follow":"follow","max-snippet":"max-snippet:-1","max-image-preview":"max-image-preview:large","max-video-preview":"max-video-preview:-1"},"canonical":"https:\/\/northiberianctc.com\/blog\/es\/?page_id=21","og_locale":"es_ES","og_type":"article","og_title":"Pirineo navarro - Norte Ib\u00e9rico de costa a costa","og_description":"El tercer gran bloque territorial por el que pasa la primera parte de nuestra ruta ib\u00e9rica de costa a costa son los Pirineos de Navarra, regi\u00f3n de la que atravesaremos dos comarcas de administraci\u00f3n espa\u00f1ola y una de administraci\u00f3n francesa. Incluyo el trocito de Pirineo de la Comunidad Aut\u00f3noma del Pa\u00eds Vasco (CAV o Euskadi) [&hellip;]","og_url":"https:\/\/northiberianctc.com\/blog\/es\/?page_id=21","og_site_name":"Norte Ib\u00e9rico de costa a costa","article_modified_time":"2013-09-30T13:47:01+00:00","twitter_misc":{"Tiempo de lectura":"3 minutos"},"schema":{"@context":"https:\/\/schema.org","@graph":[{"@type":"WebPage","@id":"https:\/\/northiberianctc.com\/blog\/es\/?page_id=21","url":"https:\/\/northiberianctc.com\/blog\/es\/?page_id=21","name":"Pirineo navarro - Norte Ib\u00e9rico de costa a costa","isPartOf":{"@id":"https:\/\/northiberianctc.com\/blog\/es\/#website"},"datePublished":"2013-08-19T18:37:56+00:00","dateModified":"2013-09-30T13:47:01+00:00","breadcrumb":{"@id":"https:\/\/northiberianctc.com\/blog\/es\/?page_id=21#breadcrumb"},"inLanguage":"es","potentialAction":[{"@type":"ReadAction","target":["https:\/\/northiberianctc.com\/blog\/es\/?page_id=21"]}]},{"@type":"BreadcrumbList","@id":"https:\/\/northiberianctc.com\/blog\/es\/?page_id=21#breadcrumb","itemListElement":[{"@type":"ListItem","position":1,"name":"Home","item":"https:\/\/northiberianctc.com\/blog\/es\/"},{"@type":"ListItem","position":2,"name":"Pirineo navarro"}]},{"@type":"WebSite","@id":"https:\/\/northiberianctc.com\/blog\/es\/#website","url":"https:\/\/northiberianctc.com\/blog\/es\/","name":"Norte Ib\u00e9rico de costa a costa","description":"Norte de la Pen\u00ednsula Ib\u00e9rica, 2.400 km de experiencia en bicicleta de monta\u00f1a","potentialAction":[{"@type":"SearchAction","target":{"@type":"EntryPoint","urlTemplate":"https:\/\/northiberianctc.com\/blog\/es\/?s={search_term_string}"},"query-input":{"@type":"PropertyValueSpecification","valueRequired":true,"valueName":"search_term_string"}}],"inLanguage":"es"}]}},"_links":{"self":[{"href":"https:\/\/northiberianctc.com\/blog\/es\/index.php?rest_route=\/wp\/v2\/pages\/21","targetHints":{"allow":["GET"]}}],"collection":[{"href":"https:\/\/northiberianctc.com\/blog\/es\/index.php?rest_route=\/wp\/v2\/pages"}],"about":[{"href":"https:\/\/northiberianctc.com\/blog\/es\/index.php?rest_route=\/wp\/v2\/types\/page"}],"author":[{"embeddable":true,"href":"https:\/\/northiberianctc.com\/blog\/es\/index.php?rest_route=\/wp\/v2\/users\/1"}],"replies":[{"embeddable":true,"href":"https:\/\/northiberianctc.com\/blog\/es\/index.php?rest_route=%2Fwp%2Fv2%2Fcomments&post=21"}],"version-history":[{"count":6,"href":"https:\/\/northiberianctc.com\/blog\/es\/index.php?rest_route=\/wp\/v2\/pages\/21\/revisions"}],"predecessor-version":[{"id":96,"href":"https:\/\/northiberianctc.com\/blog\/es\/index.php?rest_route=\/wp\/v2\/pages\/21\/revisions\/96"}],"wp:attachment":[{"href":"https:\/\/northiberianctc.com\/blog\/es\/index.php?rest_route=%2Fwp%2Fv2%2Fmedia&parent=21"}],"curies":[{"name":"wp","href":"https:\/\/api.w.org\/{rel}","templated":true}]}}

<p>El tercer gran bloque territorial por el que pasa la primera parte de nuestra ruta ibérica de costa a costa son los Pirineos de Navarra, región de la que atravesaremos dos comarcas de administración española y una de administración francesa. Incluyo el trocito de Pirineo de la Comunidad Autónoma del País Vasco (CAV o Euskadi) en este bloque, ya que no se pueden diferenciar uno de otro en ningún aspecto orográfico, cultural o climático, y la parte administrativa basca de la travesía transpirenaica es tan pequeña que no permite una descripción aparte.</p>
<p>Los de Navarra son Pirineos bastante húmedos, y por lo que se refiere a los ciclistas de montaña con cuellos cortos y fuertes pendientes, llenos de senderos poco ciclables en la parte más oriental, que se suavizan cuando nos vamos acercando a Hondarribia.</p>
<p>Navarra y Euskadi son lugares con construcciones arquitectónicas muy características, con casitas de piedra y tejados de pizarra que se reconocen fácilmente cuando se entra en Navarra.</p>
<p><a title="Track GPS con el recorrido completo por los Pirineos" href="http://goo.gl/UKpBIu">Track GPS con el recorrido completo por los Pirineos</a></p>
<div style="margin: 0 auto 0 auto; width: 400px;"><iframe loading="lazy" src="https://ssl.panoramio.com/wapi/template/photo.html?user=7124452&amp;tag=Navarra&amp;bgcolor=%23FFFFFF" height="400" width="500" frameborder="0" marginwidth="0" marginheight="0" scrolling="no"></iframe></div>
<p><strong>Etapas, clima y vegetación</strong></p>
<p>Roncal,  <em>Erronkariko ibaxa</em> en euskera roncalés, es el primer valle que encontramos cuando llegamos desde Aragón, y el contraste es grande puesto que Roncal es un lugar muy pintoresco, de ambiento poco húmedo parecido a Aragón y con paisajes típicos de alta montaña configurados por el río Esca y con clima subalpino. Encontramos concentraciones de hayedas, robles y castaños. En nuestra ruta, Izaba es la población mayor que nos encontramos cuando atravesamos la comarca, y hay muchos alojamientos diferentes pero ningún camping.</p>
<p>Salazar,  <em>Zaraitzu ibarra</em> en euskera, es el siguiente valle y tiene también un entorno espectacular, aunque no muy húmedo si lo comparamos con la comarca siguiente. Tenemos que destacar muy especialmente la Selva de Irati, el mayor bosque de Navarra y territorio protegido de hayedo-abetal, que atravesamos de arriba abajo con nuestro recorrido. En la etapa propuesta para el día en que se pasa por Irati, se termina pernoctando en Orreaga, <em>Roncesvalles</em> en castellano, inicio del Camino Francés de Santiago.</p>
<p>Un poco antes de llegar a Roncesvalles/Orreaga la travesía se vuelve muy húmeda y ese ambiente sigue presente cuando se pasa por el valle Cinco Villas,  <em>Bortziriak</em> en euskera, y continuará cuando bajemos hacia el País Vasco, ya con una orografía más suave.</p>
<p>Nuestra travesía transpirenaica está inscrita en una ruta más amplia que llega a Donostia, una de las más emblemáticas poblaciones vascas, lugar en el que finaliza la Transpyr, una carrera anual comercial de BTT que recorre los Pirineos con criterios competitivos, muy alejados de los de nuestra ruta cicloturística por la Península Ibérica de costa a costa.</p>
<p><strong>Lista de etapas de la ruta de costa a costa por los Pirineos Navarros</strong></p>
<ul>
<li><a title="Etapa 19" href="https://northiberianctc.com/blog/es/?p=189">Etapa 19: Hecho – Izaba</a></li>
<li><a title="etapa 20" href="https://northiberianctc.com/blog/es/?p=191">Etapa 20: Izaba – Orreaga/Roncesvalles</a></li>
<li><a title="etapa 21" href="https://northiberianctc.com/blog/es/?p=193">Etapa 21: Orreaga/Roncesvalles – Etxalar</a></li>
<li><a title="etapa 22" href="https://northiberianctc.com/blog/es/?p=195">Etapa 22: Etxalar – Bera – Hondarribia – Irun</a></li>
</ul>

<p>El tercer gran bloque territorial por el que pasa la primera parte de nuestra ruta ibérica de costa a costa son los Pirineos de Navarra, región de la que atravesaremos dos comarcas de administración española y una de administración francesa. Incluyo el trocito de Pirineo de la Comunidad Autónoma del País Vasco (CAV o Euskadi) [&hellip;]</p>

<!-- This site is optimized with the Yoast SEO plugin v27.5 - https://yoast.com/product/yoast-seo-wordpress/ -->
<title>Pirineo navarro - Norte Ibérico de costa a costa</title>
<meta name="robots" content="index, follow, max-snippet:-1, max-image-preview:large, max-video-preview:-1" />
<link rel="canonical" href="https://northiberianctc.com/blog/es/?page_id=21" />
<meta property="og:locale" content="es_ES" />
<meta property="og:type" content="article" />
<meta property="og:title" content="Pirineo navarro - Norte Ibérico de costa a costa" />
<meta property="og:description" content="El tercer gran bloque territorial por el que pasa la primera parte de nuestra ruta ibérica de costa a costa son los Pirineos de Navarra, región de la que atravesaremos dos comarcas de administración española y una de administración francesa. Incluyo el trocito de Pirineo de la Comunidad Autónoma del País Vasco (CAV o Euskadi) [&hellip;]" />
<meta property="og:url" content="https://northiberianctc.com/blog/es/?page_id=21" />
<meta property="og:site_name" content="Norte Ibérico de costa a costa" />
<meta property="article:modified_time" content="2013-09-30T13:47:01+00:00" />
<meta name="twitter:label1" content="Tiempo de lectura" />
	<meta name="twitter:data1" content="3 minutos" />
<script type="application/ld+json" class="yoast-schema-graph">{"@context":"https:\/\/schema.org","@graph":[{"@type":"WebPage","@id":"https:\/\/northiberianctc.com\/blog\/es\/?page_id=21","url":"https:\/\/northiberianctc.com\/blog\/es\/?page_id=21","name":"Pirineo navarro - Norte Ibérico de costa a costa","isPartOf":{"@id":"https:\/\/northiberianctc.com\/blog\/es\/#website"},"datePublished":"2013-08-19T18:37:56+00:00","dateModified":"2013-09-30T13:47:01+00:00","breadcrumb":{"@id":"https:\/\/northiberianctc.com\/blog\/es\/?page_id=21#breadcrumb"},"inLanguage":"es","potentialAction":[{"@type":"ReadAction","target":["https:\/\/northiberianctc.com\/blog\/es\/?page_id=21"]}]},{"@type":"BreadcrumbList","@id":"https:\/\/northiberianctc.com\/blog\/es\/?page_id=21#breadcrumb","itemListElement":[{"@type":"ListItem","position":1,"name":"Home","item":"https:\/\/northiberianctc.com\/blog\/es\/"},{"@type":"ListItem","position":2,"name":"Pirineo navarro"}]},{"@type":"WebSite","@id":"https:\/\/northiberianctc.com\/blog\/es\/#website","url":"https:\/\/northiberianctc.com\/blog\/es\/","name":"Norte Ibérico de costa a costa","description":"Norte de la Península Ibérica, 2.400 km de experiencia en bicicleta de montaña","potentialAction":[{"@type":"SearchAction","target":{"@type":"EntryPoint","urlTemplate":"https:\/\/northiberianctc.com\/blog\/es\/?s={search_term_string}"},"query-input":{"@type":"PropertyValueSpecification","valueRequired":true,"valueName":"search_term_string"}}],"inLanguage":"es"}]}</script>
<!-- / Yoast SEO plugin. -->

Pirineo navarro - Norte Ibérico de costa a costa

El tercer gran bloque territorial por el que pasa la primera parte de nuestra ruta ibérica de costa a costa son los Pirineos de Navarra, región de la que atravesaremos dos comarcas de administración española y una de administración francesa. Incluyo el trocito de Pirineo de la Comunidad Autónoma del País Vasco (CAV o Euskadi) [&hellip;]

Norte Ibérico de costa a costa

Norte de la Península Ibérica, 2.400 km de experiencia en bicicleta de montaña
